 is 2 + -100?
-cb
In base 12, what is 3 - -57?
5a
In base 13, what is 1393 + 2?
1395
In base 16, what is 0 + 417?
417
In base 8, what is -157 + 422?
243
In base 3, what is -10 + -10110?
-10120
In base 6, what is -333 - 242?
-1015
In base 4, what is -3032 - -11?
-3021
In base 2, what is -1 - -11?
10
In base 14, what is 20cb + -3?
20c8
In base 3, what is -1002000002 - -2?
-1002000000
In base 9, what is 354 + 18?
373
In base 10, what is -43 - 1?
-44
In base 12, what is -2b + 0?
-2b
In base 13, what is 0 - -31?
31
In base 10, what is 3480 + 2?
3482
In base 10, what is 11 + 1?
12
In base 16, what is -4 - -b0?
ac
In base 15, what is -20 - -5c?
3c
In base 9, what is 5024 + 5?
5030
In base 8, what is 7 - 32?
-23
In base 5, what is 10142 + 22?
10214
In base 8, what is -4310 - 4?
-4314
In base 11, what is 595 + -6?
58a
In base 3, what is -202220 + 11?
-202202
In base 4, what is 21111 - 3?
21102
In base 10, what is 6 - 1419?
-1413
In base 9, what is -7510 + 2?
-7507
In base 15, what is 2b4 + -e?
2a5
In base 12, what is 1246 - 0?
1246
In base 5, what is 10 + -142?
-132
In base 12, what is 0 - 42b?
-42b
In base 11, what is 1 + -876?
-875
In base 16, what is -5 + -10?
-15
In base 13, what is 71 - 5?
69
In base 15, what is 41c - 4?
418
In base 4, what is -102 + 2?
-100
In base 6, what is 1140 + -5?
1131
In base 7, what is 5 + -5?
0
In base 11, what is 3 - 26?
-23
In base 2, what is -10101 + -10?
-10111
In base 8, what is -4 + -4474?
-4500
In base 3, what is 10020 + -220?
2100
In base 9, what is -5 + 5828?
5823
In base 2, what is 10 + -100011?
-100001
In base 5, what is 1 - -41?
42
In base 11, what is -1 + -a07?
-a08
In base 6, what is -41 + -3?
-44
In base 9, what is 340 + -2?
337
In base 11, what is 39 - 11?
28
In base 2, what is -10 - 1001110110011?
-1001110110101
In base 2, what is 10100010000 + -10?
10100001110
In base 5, what is 21 - -12?
33
In base 4, what is 120 - -2?
122
In base 6, what is 0 + -522?
-522
In base 10, what is 27 + -42?
-15
In base 8, what is 2 + -1721?
-1717
In base 5, what is -14 + 331?
312
In base 16, what is -201 + 1?
-200
In base 13, what is 227 - 4?
223
In base 11, what is 333 + -5?
329
In base 12, what is -5 - -21?
18
In base 12, what is -15 - 3?
-18
In base 15, what is 3 - 42?
-3e
In base 5, what is -32 + -100?
-132
In base 4, what is -102 - 1?
-103
In base 4, what is 301233 - -11?
301310
In base 13, what is -9 - 42?
-4b
In base 9, what is 3 + 104?
107
In base 5, what is 10 + 23321?
23331
In base 14, what is -5b48 - -5?
-5b43
In base 2, what is 11 - -11000?
11011
In base 15, what is 1a + -41?
-26
In base 10, what is -294 - -4?
-290
In base 12, what is -673 + -1?
-674
In base 3, what is -11 - -11101?
11020
In base 5, what is 11420 + -2?
11413
In base 7, what is 42 - 3?
36
In base 4, what is 111 - -121013?
121130
In base 3, what is -10 - 202002?
-202012
In base 2, what is 10010100 - 1?
10010011
In base 12, what is -56 - 32?
-88
In base 9, what is -18 + 66?
47
In base 7, what is -2 - -6361?
6356
In base 5, what is -2131 + -2?
-2133
In base 15, what is e + -2d?
-1e
In base 8, what is -1423 - -2?
-1421
In base 6, what is 1235 + -3?
1232
In base 15, what is 78 + -19?
5e
In base 12, what is 4 - 53?
-4b
In base 11, what is -3 - -14a?
147
In base 6, what is 2025 - 2?
2023
In base 12, what is 1 + -18b?
-18a
In base 13, what is 19 - -9?
25
In base 8, what is 1001 - 3?
776
In base 2, what is -1 + -10000111100?
-10000111101
In base 10, what is -69 - -1?
-68
In base 14, what is -7 - -60c?
605
In base 5, what is -1 - -124?
123
In base 12, what is -8 - 5?
-11
In base 15, what is -d - 5?
-13
In base 13, what is -393 + 6?
-38a
In base 4, what is -2033303 - -10?
-2033233
In base 11, what is -12a8 - -2?
-12a6
In base 4, what is 202 - 232?
-30
In base 7, what is 2 - 2210?
-2205
In base 11, what is 5 + 42?
47
In base 5, what is 141301 + -11?
141240
In base 13, what is -13b + 3?
-138
In base 3, what is -1000211 + 11?
-1000200
In base 12, what is -723 + 3?
-720
In base 14, what is -5d1 + 2?
-5cd
In base 2, what is 101000 - 1000?
100000
In base 16, what is a29 - -5?
a2e
In base 9, what is -1464 - -3?
-1461
In base 9, what is -17 + -3?
-21
In base 9, what is 2 - -167?
170
In base 8, what is 11 + -20?
-7
In base 11, what is 171 + -5?
167
In base 11, what is 3 - -41?
44
In base 11, what is 5090 + 4?
5094
In base 12, what is -39 - -10?
-29
In base 9, what is 2 - -1247?
1250
In base 3, what is 100010 - 212?
22021
In base 10, what is -359 + 8?
-351
In base 12, what is 26 - 8?
1a
In base 14, what is 2 + d97?
d99
In base 15, what is 848 + 1?
849
In base 11, what is 13 - -10?
23
In base 8, what is 24 - 23?
1
In base 6, what is 22555 + 4?
23003
In base 12, what is 5 - -153?
158
In base 6, what is 4 + -4200?
-4152
In base 11, what is 5 + 68?
72
In base 10, what is 2164 + -4?
2160
In base 13, what is -b1 - 0?
-b1
In base 2, what is 1100111 - 1010101?
10010
In base 6, what is -2 + 25?
23
In base 2, what is -101101 + 100?
-101001
In base 4, what is 31232 - 1?
31231
In base 9, what is -115 - -2?
-113
In base 7, what is -42045 - 2?
-42050
In base 11, what is -56 + -a?
-65
In base 14, what is -26 - -1?
-25
In base 16, what is f42 - 2?
f40
In base 2, what is -1 - 1010001?
-1010010
In base 8, what is 253 + 76?
351
In base 4, what is -11 + -30?
-101
In base 8, what is 4 - 127?
-123
In base 11, what is -1 - 79a?
-7a0
In base 10, what is 6 - -28?
34
In base 5, what is -12 - 11433?
-12000
In base 12, what is -88 - -2?
-86
In base 12, what is 1042 + -3?
103b
In base 16, what is -1a - -7?
-13
In base 6, what is -140 - 314?
-454
In base 9, what is 1474 + 4?
1478
In base 9, what is -76 - 2?
-78
In base 13, what is 2a - -5c?
89
In base 12, what is -1 + 16b?
16a
In base 14, what is 1 - 27?
-26
In base 10, what is -9 + -2524?
-2533
In base 15, what is 5 + -c?
-7
In base 9, what is -132 - -3?
-128
In base 3, what is 10 + -100020?
-100010
In base 10, what is -7 + -44?
-51
In base 4, what is -130300 - -10?
-130230
In base 6, what is 105532 + -3?
105525
In base 13, what is 4 + 2b?
32
In base 4, what is -23 + 1013?
330
In base 6, what is 20 + -12230?
-12210
In base 9, what is 15 - -30?
45
In base 8, what is -1 + -47?
-50
In base 11, what is -240 + -4?
-244
In base 12, what is -470 - -2?
-46a
In base 6, what is 2045 - 10?
2035
In base 14, what is 1b20 + 1?
1b21
In base 6, what is -3 + 52?
45
In base 3, what is 2 - 20102?
-20100
In base 5, what is 132 + -313?
-131
In base 3, what is -21 + 212?
121
In base 6, what is 3514 + -2?
3512
In base 12, what is -4 - 7b?
-83
In base 4, what is -1 + 2000?
1333
In base 8, what is -1603 - 5?
-1610
In base 8, what is 5 + 1364?
1371
In base 2, what is -1001001111101 + -101?
-1001010000010
In base 13, what is 1b4 - -41?
225
In base 9, what is 5 - 66?
-61
In base 16, what is 0 - -17?
17
In base 5, what is -4 + 10?
1
In base 14, what is -17 - -53?
3a
In base 11, what is -2 + -69a?
-6a1
In base 2, what is -11110100110 - 0?
-11110100110
In base 8, what is 44 + -306?
-242
In base 3, what is -101 - 201?
-1002
In base 4, what is -1 + 22321?
22320
In base 7, what is 5156 - 3?
5153
In base 11, what is -3 + 1881?
1879
In base 11, what is -44 + 1?
-43
In base 16, what is -2 - -1cc?
1ca
In base 12, what is -143 - 0?
-143
In base 8, what is 21 - -161?
202
In base 14, what is -4 + 2?
-2
In base 5, what is -21 + 3?
-13
In base 15, what is 2 - 41?
-3e
In base 2, what is 10 + -111011?
-111001
In base 4, what is 120 - 11?
103
In base 13, what is -c3 - 0?
-c3
In base 14, what is -1 - 5d3?
-5d4
In base 8, what is -1 - -124?
123
In base 7, what is 0 - 112?
-112
In base 12, what is -4 - 113?
-117
In base 5, what is 14412 - -2?
14414
In base 16, what is -5 + 40?
3b
In base 11, what is 0 + 7?
7
In base 7, what is -154 - 5?
-162
In base 8, what is 5 - -277?
304
In base 13, what is 2c4a - 0?
2c4a
In base 14, what is -32c + -8?
-336
In base 11, what is 40 - 13?
28
In base 11, what is 3235 - -5?
323a
In base 12, what is -3242 - -1?
-3241
In base 6, what is 12 - 2102?
-2050
In base 11, what is -1 + -41?
-42
In base 3, what is -22 + 12210?
12111
In base 14, what is b + -45?
-38
In base 13, what is -57 + -199?
-223
In base 12, what is -25 - 3?
-28
In base 13, what is 2 - 1a6?
-1a4
In base 4, what is 1 + 1003130?
1003131
In base 2, what is 10 + 10001?
10011
In base 3, what is -2220 